m(o) = o**2 - 8*o - 5. Determine m(6).
-17
Let m(c) = -c + 9. What is m(13)?
-4
Let s(w) = -w**3 + 7*w**2 + 6*w + 13. Calculate s(8).
-3
Let z(h) = -2*h**3 + 22*h**2 - 17*h - 21. What is z(10)?
9
Let m(i) = i**2 - 8*i - 91. Give m(-8).
37
Let q(k) = -2*k + 44. Calculate q(10).
24
Let a(b) = -2*b**2 + 14*b - 15. Calculate a(7).
-15
Let q(a) = -a**3 - 18*a**2 + 41*a - 12. What is q(-20)?
-32
Let c(j) = -j**2 - 11*j + 1. Determine c(-6).
31
Let a(b) = b**3 + 10*b**2 + 2*b - 6. Give a(-11).
-149
Let x(p) = p**3 - 14*p**2 + 18*p + 12. Calculate x(11).
-153
Let l(w) = 2*w**3 + 11*w**2 - 8*w - 5. What is l(-6)?
7
Let k(v) = 24*v + 4. Calculate k(-3).
-68
Let r(c) = -3*c + 4. Calculate r(9).
-23
Let j(o) = o**3 - 2*o**2 + o + 8. Give j(0).
8
Let y(a) = a**3 - 16*a**2 - 15*a - 51. Calculate y(17).
-17
Let x(w) = w**3 - 5*w**2 + 2*w - 2. Determine x(2).
-10
Let i(b) = -2*b**2 + 3*b - 28. Determine i(4).
-48
Let t(g) = g**3 + 12*g**2 + 12. Determine t(-12).
12
Let c(d) = d**2 + 3*d - 64. Determine c(7).
6
Let y(d) = -2*d - 6. Calculate y(-5).
4
Let s(i) = i**3 + 77*i**2 + 151*i + 86. Calculate s(-75).
11
Let p(c) = c**2 + 12*c + 10. What is p(-12)?
10
Let u(b) = b**2 + 11*b. Calculate u(-7).
-28
Let l(z) = 2*z**2 + 28*z + 29. What is l(-13)?
3
Let p(c) = -7*c - 47. What is p(-5)?
-12
Let f(a) = 3*a - 16. What is f(22)?
50
Let o(p) = -9*p - 2. Determine o(-1).
7
Let y(x) = 21*x - 222. Calculate y(11).
9
Let s(l) = -l**3 + 7*l**2 + 5*l - 12. Give s(8).
-36
Let j(y) = 35*y**3 - y**2 + y + 1. Give j(-1).
-36
Let p(j) = j**3 - 6*j**2 + 5*j. Determine p(2).
-6
Let p(h) = h**3 + 5*h**2 + 4*h. Determine p(-4).
0
Let s(n) = n**3 + 4*n**2 + 2*n - 1. What is s(-2)?
3
Let x(c) = -c**2 - 15*c - 26. Determine x(-11).
18
Let i(w) = w**2 + 28*w + 7. Give i(0).
7
Let f(l) = -2*l**3 + 6*l**2 - l. Determine f(3).
-3
Let h(b) = b**2 + 14*b - 8. Determine h(-10).
-48
Let g(p) = -47*p + 4. Give g(-2).
98
Let h(g) = 9*g + 1. Determine h(-1).
-8
Let o(d) = -d**2 + 33*d - 265. Determine o(15).
5
Let f(a) = a**3 - 10*a**2 - 38*a + 20. Give f(13).
33
Let v(o) = o**2 - 3*o. What is v(1)?
-2
Let c(f) = -f**3 - 17*f**2 - 16*f + 7. Give c(-16).
7
Let q(b) = -b**3 - 6*b**2 + 17*b + 57. What is q(-7)?
-13
Let y(r) = -r**3 + 3*r**2 + 2. Calculate y(3).
2
Let u(b) = 2*b**3 + 6*b**2 - b + 2. Give u(-3).
5
Let u(v) = -v**3 + 4*v**2 + 8*v - 11. Give u(5).
4
Let b(g) = -g**3 - 6*g**2 + 6*g - 2. Calculate b(-7).
5
Let i(a) = a**3 + 12*a**2 + 8*a - 12. Determine i(-11).
21
Let l(j) = j**3 + 3*j**2 - 14*j - 14. Determine l(-5).
6
Let x(f) = 5*f + 24. What is x(-5)?
-1
Let c(d) = -3*d**2 - 64*d + 59. Determine c(-23).
-56
Let g(i) = i**3 + 15*i**2 - 17*i - 10. Determine g(-16).
6
Let a(o) = -5*o + 47. Determine a(12).
-13
Let y(n) = 4*n**2 + 29*n + 40. Determine y(-6).
10
Let l(c) = -c**2 - 3*c - 2. What is l(-2)?
0
Let g(i) = -i**2 + 8*i + 5. Give g(6).
17
Let m(a) = 87*a + 5. What is m(1)?
92
Let r(p) = -29*p + 231. What is r(8)?
-1
Let r(t) = -t**3 - 8*t**2 - 3*t + 5. What is r(-7)?
-23
Let o(x) = 23*x - 11. Determine o(-3).
-80
Let t(g) = -g**3 + 2*g**2 + 4*g - 2. Determine t(3).
1
Let f(n) = n**3 - 2*n**2 + 2*n. Give f(1).
1
Let d(u) = -2*u**3 + 3*u**2 - 1. Give d(3).
-28
Let o(i) = -i - 21. Give o(-11).
-10
Let n(u) = 4*u + 1. Calculate n(-1).
-3
Let t(d) = d**2 + 7*d - 14. What is t(-8)?
-6
Let c(m) = m**2 + 9*m + 10. Determine c(-6).
-8
Let b(w) = 2*w**3 + 14*w**2 - 4*w + 14. Calculate b(-7).
42
Let k(d) = -d**3 + 6*d**2 + 5*d + 3. Determine k(5).
53
Let s(t) = t**3 + 40*t**2 + 110*t - 47. Calculate s(-37).
-10
Let f(w) = 11*w + 2. Give f(-3).
-31
Let c(z) = -z + 22. What is c(29)?
-7
Let c(i) = -2*i**2 - 17*i + 23. Give c(-10).
-7
Let n(q) = -3*q + 26. Calculate n(13).
-13
Let w(o) = 15*o - 363. Give w(25).
12
Let k(c) = -c**3 + 3*c**2 + 7*c - 9. Calculate k(4).
3
Let c(x) = -20*x + 34. Calculate c(5).
-66
Let n(z) = z**2 - 5*z + 27. What is n(-8)?
131
Let k(o) = o**2 - 7*o + 8. What is k(6)?
2
Let g(a) = a**3 - 12*a**2 + 10*a - 7. Give g(11).
-18
Let t(v) = 5*v**2 - 5*v + 4. Calculate t(2).
14
Let g(o) = 2*o - 10. What is g(14)?
18
Let o(x) = -2*x**2 - 64*x - 20. Calculate o(-32).
-20
Let k(f) = -f**2 + 3*f - 17. What is k(10)?
-87
Let u(k) = k**2 - 36*k - 2. Calculate u(36).
-2
Let u(b) = 51*b - 157. Determine u(3).
-4
Let r(d) = -d**3 - 6*d**2 + 6. What is r(-6)?
6
Let a(y) = y**2 + 11*y + 16. What is a(-7)?
-12
Let r(q) = q - 3. Determine r(6).
3
Let l(n) = 311*n + 937. Give l(-3).
4
Let m(a) = -a**2 - 3*a - 1. Calculate m(0).
-1
Let z(f) = f**3 - 20*f**2 - 19*f - 26. What is z(21)?
16
Let o(h) = h**2 + 6*h + 8. What is o(-4)?
0
Let o(t) = t**2 + 5*t - 43. Give o(5).
7
Let w(g) = -2*g**2 + 40*g + 4. Give w(20).
4
Let z(m) = 12*m + 14. Determine z(0).
14
Let d(g) = g**3 - 9*g**2 - 25*g + 16. Calculate d(11).
-17
Let v(w) = -12*w - 1. Determine v(-1).
11
Let x(s) = -67*s - 3. Determine x(-1).
64
Let l(q) = -4*q**2 - 26*q - 54. What is l(-6)?
-42
Let l(o) = -2*o**2 + 10*o - 5. Calculate l(4).
3
Let j(q) = q + 18. What is j(-18)?
0
Let i(b) = -7*b**3 - 4*b**2 + 5*b - 4. Calculate i(2).
-66
Let j(p) = -p**3 + 5*p**2 + 4*p - 2. Determine j(5).
18
Let t(u) = 20*u - 178. Give t(9).
2
Let q(z) = -z**3 + z - 9. Determine q(0).
-9
Let s(m) = -m**2 - 13*m + 3. Calculate s(-14).
-11
Let q(c) = 3*c**2 + 4*c + 1. What is q(3)?
40
Let v(b) = b - 2. Calculate v(-5).
-7
Let j(v) = -2*v**3 - 11*v**2 + 10*v + 1. Determine j(1).
-2
Let c(g) = -g**3 + 8*g**2 + 11*g - 5. Give c(9).
13
Let h(s) = -s**2 - 9*s + 96. Give h(6).
6
Let i(k) = -7*k + 3. Calculate i(2).
-11
Let f(j) = j**3 + 4*j**2 + 6*j + 7. Calculate f(-2).
3
Let s(d) = d**2 - 2*d - 6. Give s(4).
2
Let l(r) = -r + 18. Determine l(23).
-5
Let i(x) = x**2 + 13*x + 41. Determine i(-11).
19
Let x(o) = -o**2 + 9*o + 16. Determine x(11).
-6
Let u(f) = -f**2 - 66*f - 555. Calculate u(-10).
5
Let f(i) = 27*i**2 + 2*i + 8. Determine f(0).
8
Let t(r) = r**2 - 32*r + 130. Calculate t(26).
-26
Let l(h) = -2*h**3 - 5*h**2 - 2*h - 1. Give l(-3).
14
Let m(u) = 24*u - 555. Calculate m(23).
-3
Let x(s) = s**3 - 7*s**2 + 8*s. Calculate x(6).
12
Let d(t) = t**3 + 13*t**2 + 20*t. Give d(-12).
-96
Let p(s) = -s**3 + 36*s**2 + 78*s - 57. Give p(38).
19
Let r(m) = 166*m + 1499. Give r(-9).
5
Let o(c) = c**3 + 14*c**2 + 18*c + 31. What is o(-13)?
-34
Let d(c) = -c + 6. Give d(7).
-1
Let o(s) = s**3 - 9*s**2 - 21*s + 115. Calculate o(10).
5
Let n(d) = d**2 - 7*d. Determine n(7).
0
Let t(s) = -7*s**3 - 2*s**2. Determine t(2).
-64
Let m(z) = -6*z - 12. Determine m(6).
-48
Let m(j) = 9*j + 149. Calculate m(-18).
-13
Let b(g) = -g**3 - 6*g**2 + 9*g - 3. Calculate b(-7).
-17
Let n(i) = i**3 - 10*i**2 + 8*i + 8. Give n(9).
-1
Let s(f) = -f**2 + 14*f - 22. Give s(11).
11
Let u(g) = -16*g + 122. What is u(8)?
-6
Let d(k) = k - 12. Give d(2).
-10
Let x(q) = -q**3 + 3*q**2 + q + 2. Calculate x(2).
8
Let k(v) = 3*v**2 + 2*v - 2. Calculate k(1).
3
Let m(x) = -x - 3. Calculate m(-6).
3
Let b(s) = -5*s + 30. Determine b(22).
-80
Let x(b) = b**3 - 17*b**2 - 17*b - 17. Calculate x(18).
1
Let y(c) = -12*c + 2. Calculate y(-2).
26
Let r(v) = v**3 - 3*v**2 - 17*v + 2. Determine r(6).
8
Let m(z) = -z**3 - 5*z**2 + 10*z + 9. What is m(-6)?
-15
Let b(p) = 8*p - 123. Calculate b(7).
-67
Let d(r) = -19*r - 26. What is d(-5)?
69
Let d(r) = 4*r**3 + 5*r**2 + 4*r - 1. Give d(-2).
-21
Let q(w) = 2*w**3 + 5*w**2 - w + 5. What is q(-3)?
-1
Let p(h) = -4*h + 19. Determine p(4).
3
Let o(d) = 3*d**2 - 4*d + 11. Give o(5).
66
Let y(r) = -4*r**3 - 2*r**2 + r. Determine y(-2).
22
Let f(t) = -5*t - 14. What is f(-10)?
36
Let r(n) = -5*n**2 + 11*n + 6. What is r(3)?
-6
Let l(i) = i**3 + 5*i**2 - 11*i - 25. Determine l(-6).
5
Let d(i) = -2*i**2 - 8*i - 8. Calculate d(-5).
-18
Let m(d) = 21*d + 86. Determine m(-5).
-19
Let j(k) = 3*k**2 - 41*k + 27. What is j(14)?
41
Let a(h) = h**2 + 14*h - 6. Calculate a(-15).
9
Let g(t) = t**3 + 14*t**2 - 15*t + 16. Give g(-15).
16
Let o(j) = -3*j**3 + 32*j**2 + 12*j - 7. Give o(11).
4
Let r(y) = -2*y + 1. What is r(2)?
-3
Let d(x) = x**3 - x**2 - 5*x + 12. Give d(0).
12
Let s(r) = 11*r + 24. Determine s(-2).
2
Let n(w) = w**3 + 6*w**2 - 16*w - 9. Determine n(-8).
-9
Let f(j) = -7*j + 22. What is f(27)?
-167
Let z(b) = -27*b**2 + 77*b + 8. Give z(3).
-4
Let w(l) = -11